{"id":54,"date":"2007-08-29T23:52:53","date_gmt":"2007-08-29T21:52:53","guid":{"rendered":"http:\/\/www.proflog.de\/wordpress2\/?page_id=54"},"modified":"2023-07-05T18:14:08","modified_gmt":"2023-07-05T16:14:08","slug":"impressum","status":"publish","type":"page","link":"https:\/\/www.proflog.de\/wordpress\/?page_id=54","title":{"rendered":"Impressum&#038;Datenschutz"},"content":{"rendered":"<p><a href=\"https:\/\/www.proflog.de\/wordpress\/wp-content\/img_20210810_1353021.jpg\"><img loading=\"lazy\" decoding=\"async\" class=\"aligncenter size-thumbnail wp-image-888\" title=\"img_20210810_1353021\" src=\"https:\/\/www.proflog.de\/wordpress\/wp-content\/img_20210810_1353021-150x150.jpg\" alt=\"img_20210810_1353021\" width=\"150\" height=\"150\" \/><\/a><\/p>\n<table style=\"height: 105px;\" border=\"0\" width=\"206\">\n<tbody>\n<tr>\n<td>\n<h2>Rolf Leonhardt<\/h2>\n<p>Handy: 0177\/5090111<br \/>\nFestnetz: 0781\/47479908<\/p>\n<p>Burdastrasse 4<br \/>\n77656 Offenburg<\/p>\n<p><a href=\"mailto:rolf.leonhardt@googlemail.com\">rolf.leonhardt@googlemail.com<\/a><\/td>\n<\/tr>\n<\/tbody>\n<\/table>\n<p><strong>Mitglieder: <\/strong><strong><\/strong><\/p>\n<p><strong><span style=\"color: #444444;\">Herta  Monika Patti, Otmar M\u00fcller,  Klaus Binkert, Joe Just, Thomas und Manuela Fautz, Edwin Hahn,  Stefan  Hahn, Daniel Zimmermann, Herr Wurm, Stefan Dittrich, Gottfried   Dittrich, Franco Patti, Annette Braun,Udo Schr\u00f6pf, sowie 7  Personen die  nicht Namentlich genannt werden wollen.<\/span><\/strong><\/p>\n<p><strong>Die B\u00fcrgerinitiative Pro Flugplatz Offenburg bedankt sich bei:<\/strong><\/p>\n<p>Arbeitsgemeinschaft Flughafen und \u00d6kologie Essen\/M\u00fchlheim e.V.<\/p>\n<p>Wirtschaftsregion Offenburg Ortenau<\/p>\n<p>f\u00fcr die \u00dcberlassung von Bild- und Textmaterial.<\/p>\n<h2>Nutzungsbedingungen<\/h2>\n<p>Disclaimer \u2013 rechtliche Hinweise<\/p>\n<p>1. Haftungsbeschr\u00e4nkung<br \/>\nDie Inhalte des Internetauftritts wurden mit gr\u00f6\u00dftm\u00f6glicher Sorgfalt und nach bestem Gewissen erstellt. Dennoch \u00fcbernimmt der Anbieter dieser Webseite keine Gew\u00e4hr f\u00fcr die Aktualit\u00e4t, Vollst\u00e4ndigkeit und Richtigkeit der bereitgestellten Seiten und Inhalte.<\/p>\n<p>Als Diensteanbieter ist der Anbieter dieser Webseite gem\u00e4\u00df \u00a7 7 Abs. 1 TMG f\u00fcr eigene Inhalte und bereitgestellte Informationen auf diesen Seiten nach den allgemeinen Gesetzen verantwortlich; nach den \u00a7\u00a7 8 bis 10 TMG jedoch nicht verpflichtet, die \u00fcbermittelten oder gespeicherten fremden Informationen zu \u00fcberwachen. Eine Entfernung oder Sperrung dieser Inhalte erfolgt umgehend ab dem Zeitpunkt der Kenntnis einer konkreten Rechtsverletzung. Eine Haftung ist erst ab dem Zeitpunkt der Kenntniserlangung m\u00f6glich.<\/p>\n<p>2. Externe Links<br \/>\nDie Webseite enth\u00e4lt sog. \u201eexterne Links\u201c (Verlinkungen) zu anderen Webseiten, auf deren Inhalt der Anbieter der Webseite keinen Einfluss hat. Aus diesem Grund kann der Anbieter f\u00fcr diese Inhalte auch keine Gew\u00e4hr \u00fcbernehmen.<br \/>\nF\u00fcr die Inhalte und Richtigkeit der bereitgestellten Informationen ist der jeweilige Anbieter der verlinkten Webseite verantwortlich. Zum Zeitpunkt der Verlinkung waren keine Rechtsverst\u00f6\u00dfe erkennbar. Bei Bekanntwerden einer solchen Rechtsverletzung wird der Link umgehend entfernen.<\/p>\n<p>3. Urheberrecht\/Leistungsschutzrecht<br \/>\nDie auf dieser Webseite ver\u00f6ffentlichten Inhalte, Werke und bereitgestellten Informationen unterliegen dem deutschen Urheberrecht und Leistungsschutzrecht. Jede Art der Vervielf\u00e4ltigung, Bearbeitung, Verbreitung, Einspeicherung und jede Art der Verwertung au\u00dferhalb der Grenzen des Urheberrechts bedarf der vorherigen schriftlichen Zustimmung des jeweiligen Rechteinhabers. Das unerlaubte Kopieren\/Speichern der bereitgestellten Informationen auf diesen Webseiten ist nicht gestattet und strafbar.<\/p>\n<p>4. Datenschutz<br \/>\nDurch den Besuch des Internetauftritts k\u00f6nnen Informationen (Datum, Uhrzeit, aufgerufene Seite) \u00fcber den Zugriff auf dem Server gespeichert werden. Es werden keine personenbezogenenen (z. B. Name, Anschrift oder E-Mail-Adresse) Daten, gespeichert.<\/p>\n<p>Sofern personenbezogene Daten erhoben werden, erfolgt dies, sofern m\u00f6glich, nur mit dem vorherigen Einverst\u00e4ndnis des Nutzers der Webseite. Eine Weitergabe der Daten an Dritte findet ohne ausdr\u00fcckliche Zustimmung des Nutzers nicht statt.<\/p>\n<p>Der Anbieter weist darauf hin, dass die \u00dcbertragung von Daten im Internet (z. B. per E-Mail) Sicherheitsl\u00fccken aufweisen und ein l\u00fcckenloser Schutz der Daten vor dem Zugriff Dritter nicht gew\u00e4hrleistet werden kann. Der Anbieter \u00fcbernimmt keine Haftung f\u00fcr die durch solche Sicherheitsl\u00fccken entstandenen Sch\u00e4den.<\/p>\n<p>Der Verwendung der Kontaktdaten durch Dritte zur gewerblichen Nutzung wird ausdr\u00fccklich widersprochen. Es sei denn, der Anbieter hat zuvor seine schriftliche Einwilligung erteilt.<br \/>\nDer Anbieter beh\u00e4lt sich rechtliche Schritte f\u00fcr den Fall der unverlangten Zusendung von Werbeinformationen, z. B. durch Spam-Mails, vor.<br \/>\nQuelle: Mustervorlage.<span> Diese Website nutzt das Petitionsformular der openPetition gemeinn\u00fctzige GmbH, Am Friedrichshain 34, 10407 Berlin. Die openPetition gemeinn\u00fctzige GmbH stellt die technische Plattform f\u00fcr die Sammlung von Petitionsunterschriften zur Verf\u00fcgung. Die von Ihnen bei der Petition eingegebenen Daten (z.B. Name, Adresse, Kommentar) werden von openPetition zur Gew\u00e4hrleistung der Petition auf Servern in Deutschland gespeichert und verarbeitet. Bei jedem Seitenaufruf der Petitionsseite werden Browser-Informationen (z.B. Browser-Typ, Betriebssystem, IP-Adresse, Uhrzeit und der Referrer) gespeichert. Die Logfiles werden statistisch ausgewertet und helfen, den fehlerfreien Betrieb der Seiten sicherzustellen. Es gelten die <\/span><a href=\"https:\/\/www.openpetition.de\/content\/data_privacy\/\">Datenschutzbestimmungen<\/a><span> von openPetition.<\/span><\/p>\n","protected":false},"excerpt":{"rendered":"<p>Rolf Leonhardt Handy: 0177\/5090111 Festnetz: 0781\/47479908 Burdastrasse 4 77656 Offenburg rolf.leonhardt@googlemail.com Mitglieder: Herta Monika Patti, Otmar M\u00fcller, Klaus Binkert, Joe Just, Thomas und Manuela Fautz, Edwin Hahn, Stefan Hahn, Daniel Zimmermann, Herr Wurm, Stefan Dittrich, Gottfried Dittrich, Franco Patti, Annette Braun,Udo Schr\u00f6pf, sowie 7 Personen die nicht Namentlich genannt werden wollen. Die B\u00fcrgerinitiative Pro Flugplatz [&hellip;]<\/p>\n","protected":false},"author":2,"featured_media":0,"parent":0,"menu_order":19,"comment_status":"open","ping_status":"open","template":"","meta":{"footnotes":""},"class_list":["post-54","page","type-page","status-publish","hentry"],"_links":{"self":[{"href":"https:\/\/www.proflog.de\/wordpress\/index.php?rest_route=\/wp\/v2\/pages\/54","targetHints":{"allow":["GET"]}}],"collection":[{"href":"https:\/\/www.proflog.de\/wordpress\/index.php?rest_route=\/wp\/v2\/pages"}],"about":[{"href":"https:\/\/www.proflog.de\/wordpress\/index.php?rest_route=\/wp\/v2\/types\/page"}],"author":[{"embeddable":true,"href":"https:\/\/www.proflog.de\/wordpress\/index.php?rest_route=\/wp\/v2\/users\/2"}],"replies":[{"embeddable":true,"href":"https:\/\/www.proflog.de\/wordpress\/index.php?rest_route=%2Fwp%2Fv2%2Fcomments&post=54"}],"version-history":[{"count":16,"href":"https:\/\/www.proflog.de\/wordpress\/index.php?rest_route=\/wp\/v2\/pages\/54\/revisions"}],"predecessor-version":[{"id":139,"href":"https:\/\/www.proflog.de\/wordpress\/index.php?rest_route=\/wp\/v2\/pages\/54\/revisions\/139"}],"wp:attachment":[{"href":"https:\/\/www.proflog.de\/wordpress\/index.php?rest_route=%2Fwp%2Fv2%2Fmedia&parent=54"}],"curies":[{"name":"wp","href":"https:\/\/api.w.org\/{rel}","templated":true}]}}